a(1).
-18
Let c(s) = -s**3 + 30*s + 42. What is c(-4)?
-14
Let f(q) = 9*q**3 + 2*q**2 + 5*q - 7. Give f(2).
83
Let l(w) = w**3 - 14*w**2 - 16*w + 9. Give l(15).
-6
Let n(k) = -19*k**2 + 36*k + 37. Determine n(-1).
-18
Let y(g) = 4*g + 190. Give y(-49).
-6
Let d(k) = k**2 - 119*k + 3496. What is d(53)?
-2
Let v(b) = -b**3 + 4*b**2 + 25*b - 32. Determine v(0).
-32
Let g(v) = -v**3 - 20*v**2 + 519*v + 132. Determine g(-35).
342
Let o(m) = 52*m**2 - 522*m + 9. Determine o(10).
-11
Let z(u) = 2*u**3 + 7*u**2 + 15*u + 12. What is z(-5)?
-138
Let h(t) = t**3 - 47*t**2 - 9*t + 201. Calculate h(47).
-222
Let k(d) = d**3 - 12*d**2 + 32*d - 848. Calculate k(14).
-8
Let n(s) = -20*s**3 - s**2 - 108*s + 107. Determine n(1).
-22
Let u(s) = -s**3 + 22*s**2 + 26*s - 45. Calculate u(23).
24
Let y(a) = 91*a - 428. Give y(6).
118
Let q(l) = -27*l**2 - 89*l - 30. What is q(-3)?
-6
Let m(y) = 18*y + 384. What is m(-22)?
-12
Let k(o) = 668*o - 8681. What is k(13)?
3
Let d(l) = l**2 - 75*l - 1182. Determine d(-13).
-38
Let k(f) = 17*f + 12. Determine k(5).
97
Let d(b) = -b**3 - 23*b**2 + 22*b - 47. Give d(-24).
1
Let f(y) = -14*y**2 - 8*y. Determine f(-2).
-40
Let l(m) = 3*m**3 - 7*m**2 - 12*m - 8. What is l(4)?
24
Let q(b) = 53*b + 735. Determine q(-14).
-7
Let s(u) = -4*u**2 + 8*u + 114. Determine s(0).
114
Let a(u) = -84*u + 83. Determine a(5).
-337
Let j(m) = 2*m**3 - 15*m**2 + 30*m - 55. Determine j(6).
17
Let v(j) = j**3 + 8*j**2 - j + 18. Determine v(-8).
26
Let h(u) = 7*u + 88. Give h(-18).
-38
Let o(x) = -736*x + 718. Determine o(1).
-18
Let v(h) = h**3 - 22*h**2 + 73*h + 43. What is v(18)?
61
Let s(c) = -74*c**2 + 368*c - 23. Give s(5).
-33
Let f(n) = -n**2 - 10*n + 7. Calculate f(0).
7
Let r(i) = -35*i + 118. Determine r(2).
48
Let k(i) = -i**3 + 60*i**2 - 894*i + 105. Give k(33).
6
Let x(j) = -2*j**2 + 540*j - 7656. What is x(255)?
-6
Let s(c) = -2936*c + 38165. Calculate s(13).
-3
Let f(h) = -211*h - 267. Calculate f(-1).
-56
Let x(m) = -20*m + 376. Determine x(15).
76
Let s(m) = -24*m + 228. Determine s(9).
12
Let x(h) = -h**2 + 8*h + 335. Determine x(23).
-10
Let y(t) = 84*t - 13. Calculate y(-1).
-97
Let z(g) = g**3 - 9*g**2 - 39*g - 2. Determine z(12).
-38
Let i(n) = n**3 - 57*n**2 + 360*n - 488. Determine i(50).
12
Let p(g) = -2*g + 753. Give p(28).
697
Let v(p) = p**2 - 9*p + 5. What is v(-2)?
27
Let o(a) = -17*a**2 - 2204*a + 780. Determine o(-130).
0
Let q(y) = y**3 + 22*y**2 - 17*y - 1167. Calculate q(-20).
-27
Let q(z) = -2*z**2 - 35*z + 1175. What is q(17)?
2
Let l(y) = -2*y**2 + 34*y + 473. Calculate l(-9).
5
Let f(u) = -u**3 + 19*u**2 + 19*u + 118. Determine f(20).
98
Let l(a) = -a**3 + 53*a**2 + 130*a - 1404. Give l(55).
-304
Let x(b) = -4*b**2 - 709*b + 527. What is x(-178)?
-7
Let f(m) = 25*m**2 + 686*m - 1135. Give f(-29).
-4
Let s(x) = -521*x**2 - x - 3. What is s(-1)?
-523
Let o(j) = 11*j + 193. What is o(-17)?
6
Let x(b) = b**3 + 72*b**2 + 1275*b + 210. Calculate x(-41).
46
Let g(k) = -6743*k + 337152. Determine g(50).
2
Let o(q) = q**3 + 24*q**2 - 21*q + 94. Determine o(-25).
-6
Let d(k) = 13410*k - 53643. What is d(4)?
-3
Let n(s) = -15*s**2 - 538*s + 128. What is n(-36)?
56
Let a(w) = -591*w - 595. What is a(-1)?
-4
Let d(r) = -7*r**2 - 111*r + 3. Give d(-16).
-13
Let t(y) = -42*y + 2048. Calculate t(72).
-976
Let q(g) = -101*g - 28594. Determine q(-283).
-11
Let s(t) = 181*t + 1136. Give s(-6).
50
Let x(k) = -k**3 + 11*k**2 - 18*k + 14. Determine x(11).
-184
Let x(f) = 17*f**2 + 120*f - 8. Calculate x(-7).
-15
Let a(h) = -3*h**3 + 26*h**2 + 21*h + 26. Give a(10).
-164
Let h(v) = 96*v - 769. Give h(10).
191
Let p(i) = -i**2 - 1717*i + 302366. What is p(161)?
8
Let g(i) = -i**2 + 18*i - 75. Calculate g(10).
5
Let r(h) = -h**3 - 28*h**2 - 19*h + 218. Calculate r(-27).
2
Let a(p) = 2*p**2 - p - 192. Give a(-17).
403
Let u(y) = -404*y + 19315. Calculate u(48).
-77
Let z(s) = -3*s**2 - 73*s - 40. What is z(-24)?
-16
Let p(y) = -229*y + 995. What is p(5)?
-150
Let y(d) = -d**2 + 45*d + 27548. What is y(190)?
-2
Let j(o) = -19*o**2 - o + 395. Calculate j(0).
395
Let u(p) = -142*p - 352. Determine u(-3).
74
Let q(g) = 236*g + 2125. Give q(-9).
1
Let a(i) = 2*i**2 + 92*i + 477. Calculate a(-6).
-3
Let k(j) = j**2 + 234*j - 1429. Calculate k(6).
11
Let r(t) = t**3 + 15*t**2 + 52*t + 28. What is r(-8)?
60
Let v(j) = 52*j - 161. Give v(4).
47
Let u(j) = 13*j**3 + 26*j**2 + 82*j + 2. Give u(-3).
-361
Let t(y) = -3*y**2 + 58*y - 7. What is t(0)?
-7
Let x(t) = 67*t - 1341. Give x(20).
-1
Let q(s) = -113*s + 452. What is q(9)?
-565
Let a(z) = z - 52. Give a(-12).
-64
Let f(y) = y**3 - 63*y**2 + 23*y + 2420. What is f(62)?
2
Let k(h) = 53*h**2 + 2*h - 10. Give k(2).
206
Let z(s) = -3*s**3 - 74*s**2 - 40*s + 62. Give z(-24).
-130
Let j(a) = 3*a**3 + a**2 - 78*a - 42. What is j(-5)?
-2
Let r(q) = -3*q**3 - 34*q**2 + 67*q + 5. What is r(-13)?
-21
Let g(l) = -l**3 - 9*l**2 - 17*l + 3. Calculate g(-4).
-9
Let f(n) = -27*n - 36. Calculate f(0).
-36
Let j(t) = 2*t**2 + 67*t + 382. Give j(-8).
-26
Let m(z) = -z**3 - 6*z**2 - 14*z + 20. What is m(1)?
-1
Let b(y) = y**2 - 113*y + 2767. Give b(80).
127
Let f(c) = 15*c**2 - 332*c + 984. Determine f(3).
123
Let j(u) = u**2 + 34*u + 11. Give j(-29).
-134
Let x(o) = -3*o + 195. Calculate x(33).
96
Let j(d) = -d**3 + 57*d**2 + 62*d + 145. Determine j(58).
377
Let p(u) = u**2 + 3*u - 84. Determine p(10).
46
Let b(r) = r**2 - 85*r + 1289. Determine b(20).
-11
Let u(z) = 33*z**2 + 622*z - 90. What is u(-19)?
5
Let r(q) = 1057*q + 8564. Give r(-8).
108
Let d(g) = -25*g - 1411. Calculate d(-56).
-11
Let q(p) = -835*p + 4182. Calculate q(5).
7
Let w(i) = 6*i + 12. Give w(-14).
-72
Let b(k) = -50*k + 2456. What is b(49)?
6
Let u(a) = 27*a - 44. Give u(-2).
-98
Let o(p) = -p**2 - p + 2749. Determine o(52).
-7
Let s(t) = -2*t**2 + 708*t - 53131. Calculate s(246).
5
Let f(j) = -27*j + 145. What is f(0)?
145
Let g(y) = 33*y**2 - 4*y + 2. Calculate g(-2).
142
Let f(l) = -434*l + 1695. Calculate f(4).
-41
Let s(o) = -o**3 - 34*o**2 + 458*o - 180. What is s(10)?
0
Let q(b) = -b**3 + 139*b**2 - 125*b - 1805. What is q(138)?
-11
Let j(l) = 2*l**3 - 95*l**2 + 42*l + 300. Determine j(47).
65
Let d(v) = -v**3 - 7*v**2 - 18*v - 34. Give d(-6).
38
Let j(s) = s**3 + 6*s**2 - 2*s + 31. Calculate j(-7).
-4
Let m(k) = -18*k + 43. Give m(3).
-11
Let r(p) = -77*p**3 + p**2 + 5*p - 5. What is r(1)?
-76
Let f(x) = x**3 - 57*x**2 + 110*x - 33. Determine f(55).
-33
Let u(p) = p**2 - 43*p + 307. Calculate u(33).
-23
Let k(m) = -2*m**3 + 18*m**2 + 77*m + 28. What is k(12)?
88
Let w(j) = 35*j + 610. What is w(-11)?
225
Let p(y) = -y**3 + 12*y**2 + 12. Give p(12).
12
Let y(m) = -4*m - 410. What is y(-105)?
10
Let m(c) = -c**2 + 24*c + 1063. Give m(49).
-162
Let j(f) = 3*f**3 - 203*f**2 - 67*f - 21. Calculate j(68).
47
Let h(z) = -5*z**3 + 10*z**2 - 7*z + 13. Give h(4).
-175
Let b(f) = 69*f - 623. Determine b(9).
-2
Let m(x) = 7*x**3 + 5*x**2 + 4*x - 2. Give m(-2).
-46
Let i(u) = u**2 - 44*u + 322. Determine i(9).
7
Let l(t) = -t**3 - 4*t**2 - 15*t - 62. Determine l(-4).
-2
Let f(c) = -69*c**3 - c**2 - 158*c - 156. Determine f(-1).
70
Let d(u) = -u**2 - 29*u + 45. Determine d(-29).
45
Let c(n) = -518*n + 7186. What is c(14)?
-66
Let r(f) = -4*f**2 + 91*f - 43. Give r(23).
-66
Let y(p) = 29*p + 336. Calculate y(17).
829
Let v(j) = -j**2 + 39*j + 189. Calculate v(43).
17
Let x(v) = v**2 - 17*v + 251. Determine x(35).
881
Let q(t) = t**3 - 64*t - 204. Determine q(-4).
-12
Let v(n) = 123*n - 208. What is v(2)?
38
Let l(x) = -3175*x**2 + 12700*x - 9. What is l(4)?
-9
Let w(l) = -l**3 + 71*l**2 - 26*l + 1898. What is w(71)?
52
Let i(x) = x**3 - 88*x**2 + 1640*x + 196. Determine i(27).
7
Let v(k) = 52*k**2 - 4003*k + 53. What is v(77)?
130
Let x(m) = -m**3 + 10*m**2 - 4*m - 97. Determine x(9).
-52
Let h(b) = -b**2 - 19*b - 18. Calculate h(-24).
-138
Let d(m) = -m**3 + 28*m**2 - 164*m - 149. What is d(10)?
11
Let d(s) = -s**3 - s**2 - 6*s + 232. What is d(0)?
232
Let a(w) = -w**3 + 3*w**2 + 16*w - 39. Calculate a(6).
-51
Let q(l) = -3*l**3 + 127*l**2 + 85*l + 113. Determine q(43).
70
Let r(i) = 38*i**2 - 226*i - 22. Calculate r(6).
-10
Let m(v) = 174*v + 1226. What is m(-9)?
-340
Let b(u) = -u**2 - 130*u - 4194. Calculate b(-70).
6
Let m(k) = 3*k**3 -